 Let r = -208 + 228. Let w be b(r). What is the greatest common factor of w and 56?
8
Let v = -5906 + 6218. What is the highest common factor of 18 and v?
6
Let q(y) = 2*y**3 + 16*y**2 + 3*y - 5. Let o be q(-7). Let a(b) = b**3 - 5*b**2 + 3*b - 14. Let i be a(6). Calculate the greatest common factor of i and o.
8
Let t be (5 + 75)/(-16) + 5. Let a = -2 - -5. Suppose u = -t*u + a. What is the highest common divisor of u and 21?
3
Let q(w) = 121*w**2 + 2*w + 1. Suppose 4 = -10*p + 6*p. Let x be q(p). Suppose l = -5*l + 144. What is the highest common divisor of x and l?
24
Let s be (-2)/((-476)/(-70) + 2 + -9). Suppose -3*f + 2162 = 572. What is the greatest common factor of f and s?
10
Let o = 294 + -78. Suppose 8*m = 16*m - o. Let l be (-3)/(-15) - 4/((-40)/2158). Calculate the greatest common divisor of l and m.
27
Suppose 216 = -i + 241. Suppose 902 = i*j - 14*j. What is the greatest common factor of j and 369?
41
Suppose 122*n + 46511 - 128969 = 91758. What is the highest common divisor of n and 210?
42
Let m = -45 + 50. Let w(a) = 5 + 3*a**2 + 4*a - 3*a + m. Let j be w(-5). What is the highest common divisor of j and 200?
40
Let p = 5485 - 5456. Calculate the greatest common factor of 551 and p.
29
Suppose 4*z + 5 = 5*r + 20, 2*r = -3*z - 6. Suppose 8*f - 205 - 75 = z. Calculate the greatest common factor of 25 and f.
5
Let x(j) = j**2 - 68*j + 343. Let q be x(67). What is the greatest common divisor of 3 and q?
3
Suppose 2*a = -6 + 10. Suppose 12 = 2*w + a*b - 50, 97 = 3*w + 5*b. Let o = w + 8. Calculate the highest common divisor of o and 296.
37
Let m(o) = -2*o**3 + 33*o**2 - 15*o - 6. Let h be m(16). Calculate the highest common divisor of h and 33470.
10
Let a(v) = -8*v**2 + 298*v - 53. Let c be a(37). What is the highest common divisor of c and 4410?
21
Let i = 5978 + 1813. What is the highest common divisor of i and 53?
53
Let h(u) be the third derivative of u**4 + 55*u**3/6 - 10*u**2. Let i be h(-7). Let w = -80 - i. What is the greatest common divisor of 264 and w?
33
Let z be (-75*3)/(4/(-4)). Let r = -144 + z. What is the greatest common divisor of r and 18?
9
Let o = 9252 - 9214. Suppose 0 = 3*p + 3, 0*p = x + 2*p - 74. What is the highest common factor of o and x?
38
Let r be (-4*(-6)/(-6))/(1/(-2)). Let f be 969*(r + -4)/12. What is the greatest common factor of f and 17?
17
Suppose -4*j - 2*b = -12794, -9*j + 5*j - 5*b + 12803 = 0. What is the highest common factor of 1112 and j?
139
Suppose -5*a = -531 - 109. Suppose 5*h - a = -0*h + 3*b, 3*h - 3*b - 72 = 0. Calculate the greatest common factor of 12 and h.
4
Suppose 9*m + 5*b = 12*m - 35, -5*m - 2*b = -17. What is the greatest common divisor of m and 1415?
5
Let l be (2109/570 + (-1)/2)/((-4)/(-30)). What is the highest common divisor of l and 6?
6
Let r(i) = 24*i + 6 + 27*i + 19 - 53*i. Let p be r(10). Let f(a) = 27*a - 14. Let s be f(p). What is the highest common factor of s and 11?
11
Suppose -18*a + 21*a = 480. Suppose -11*w = -148 - 182. Calculate the highest common factor of w and a.
10
Suppose 4*g + 389 + 103 = -4*l, -l = 5*g + 595. Let v = g + 195. Let w be 82/12 + 1/6. Calculate the greatest common factor of w and v.
7
Let a be (-2)/7 + 74*3/42. Suppose 5*z + 40 = 5*s - 0*s, a*s - 3*z = 36. What is the greatest common divisor of s and 24?
6
Suppose -r - 6*t + 4295 = -1281, 8 = -2*t. Calculate the greatest common factor of r and 2.
2
Suppose -3*a + 5*o + 31 = 0, 4*o - 2 = 4*a + 6*o. Suppose 13 = 6*r - 5. Suppose -i = 2*h - r*h - 4, -2*h - a = i. What is the highest common factor of i and 10?
2
Suppose -2*y + 2*o - 226 = -6*y, -y - 2*o = -58. Suppose 2*l - 28 = -2*r - l, 3*l + y = 4*r. What is the highest common factor of 8 and r?
2
Suppose 2*u - 19 = 4*p + 3, -9 = -3*u - 2*p. Suppose 4*a - 37 = -5*t, a - 8*t = -11*t + 11. What is the greatest common divisor of a and u?
1
Suppose 182 = 3*z + 4*z. Let v = z - 25. Let b be 25/(12/8 - 0 - v). What is the highest common divisor of b and 500?
50
Let q = 2192 + -4996. Let l be q/(-18) + (-1)/((-27)/6). Calculate the highest common factor of l and 195.
39
Let s be (-32)/24 - (-1650)/9. Suppose -21*i = -297 + 3. Calculate the greatest common divisor of i and s.
14
Suppose -3*c - 1 = -u - 2, u = -5*c + 15. Suppose 0 = -3*k + 5*r + 1176, k + 2*r + 392 = c*k. Calculate the greatest common divisor of k and 8.
8
Suppose 0 = -4*t + 8. Suppose -t*x - 12 = -7*z + 2*z, -14 = -5*z + 4*x. Suppose -z*w = w - 162. Calculate the greatest common factor of w and 6.
6
Suppose 1019 + 1218 = 14*n + 53. What is the highest common factor of n and 24?
12
Let z = 10865 - 10767. Calculate the highest common divisor of z and 74.
2
Let n(m) = -2*m**2 - 250*m + 1741. Let k be n(-131). What is the highest common divisor of k and 4121?
13
Suppose -3*z - z + 20 = 0. Let d be (-62 - -62)*(-2)/(1 + 5). Let b = z + d. Calculate the greatest common factor of b and 20.
5
Let l(a) = -15*a**3 + 123*a**2 - 10*a + 42. Let n be l(8). What is the highest common factor of 22 and n?
22
Let i(l) = -59*l - 26. Let p be i(-2). Suppose -5*m + 1122 = 2*q + 424, -5*m - 4*q = -706. What is the highest common divisor of p and m?
46
Suppose -3*t + 205 = -c, -6 = -2*c + 4. Suppose -32*a - 25*a + 71*a - 196 = 0. Calculate the greatest common divisor of t and a.
14
Suppose -i - 1174 - 82 = -5*b, -3*i - 2*b - 3768 = 0. Let f = 2228 + i. Calculate the highest common divisor of f and 12.
12
Suppose -56*p + 57*p + 159 = -f, 0 = -p - 4*f - 150. Let b be (p/(-4))/(117/1560). What is the greatest common factor of 27 and b?
27
Let u(l) = -10*l**2 + l - l - l**3 + 7*l + 3*l - 6. Let k be u(-11). Suppose 3*x + k = 4*x. Calculate the highest common divisor of x and 10.
5
Let r(m) = -25*m - 52. Let p be (10/(-55) + (-17)/(-33))*-9. Let n be r(p). Calculate the highest common factor of n and 437.
23
Let h(j) = -5*j**2 + 15*j - 8. Let f(y) = -6*y**2 + 16*y - 8. Let d(i) = -6*f(i) + 7*h(i). Let g be d(7). Calculate the greatest common divisor of g and 13.
13
Suppose -2*p + 7*p + 2*w - 820 = 0, 2*p + 2*w = 334. What is the greatest common divisor of p and 5427?
81
Let q be 80/(-7) + -1 + 9/21. Let k(x) = -9*x - 74. Let n be k(q). What is the highest common factor of n and 34?
34
Suppose 16*o - 8569 - 46109 = 23722. What is the highest common divisor of o and 100?
100
Suppose -3*o + 499 = x, -27*o + 3*x = -22*o - 855. Let t(a) = 119*a + 1. Let l be t(1). Let q be (1/2)/(5/l). What is the highest common factor of q and o?
12
Let x be 10 + 72/(-12) - (-77 + 1). Suppose a + 170 = 5*a + 5*c, a = -3*c + 46. What is the greatest common factor of a and x?
40
Let f(z) = -8*z**3 - 21*z**2 + 6*z - 26. Let k be f(-7). What is the greatest common divisor of 427 and k?
61
Suppose 26*x = 28*x - 4878. What is the highest common divisor of x and 18?
9
Let g(t) = -t**2 - 5*t + 15. Suppose 3*v + 16 + 5 = 0. Let m be g(v). Let r be 630/50 + -4 - (-2)/5. Calculate the greatest common factor of m and r.
1
Suppose 33*y + 160 = 37*y. Suppose 44*p - 52 = y*p. Let u be (0 - 4) + (395 - p). Calculate the highest common divisor of 42 and u.
42
Let n be 81/(-18)*((-6)/3 + -2). Let j(y) = y**2 + 16*y + 8. Let k be j(-16). Suppose -k*u + 9*u - n = 0. What is the greatest common divisor of 12 and u?
6
Let z = -171 + 233. Suppose 2*u + 2 = -0, -z = -2*t - 4*u. What is the greatest common factor of t and 297?
33
Let w(m) = -m**2 - 46*m + 108. Let z = -55 - -7. Let i be w(z). Calculate the greatest common factor of 108 and i.
12
Let z = -4 + 14. Let u = -2 - -7. Let m be (12/6 - u) + 4. Calculate the highest common factor of m and z.
1
Suppose 0 = -3*o + 3*p + 249, -6*o + 7*o - 103 = -4*p. What is the greatest common divisor of o and 899?
29
Let w(b) = b**3 + 19*b**2 + 18*b + 10. Let j be w(-18). Suppose 0*u - j*u + 210 = 0. What is the greatest common factor of u and 168?
21
Suppose -924*i + 928*i - 2*d - 106 = 0, i - 5*d = -5. Calculate the greatest common divisor of i and 1362.
6
Let h be (6/12)/((-2)/(-12)) + 26. Let j be 26 - h - 2*(-13)/2. Let t(x) = -27*x + 2. Let n be t(-4). Calculate the highest common divisor of j and n.
10
Suppose 5*v - b - 2339 = 0, -2*b = -v + 3*b + 463. Suppose 6*a - v = 4*a. Let p be 26/4*(891 + -887). Calculate the highest common factor of a and p.
26
Let d = 14 + -12. Suppose -88 = d*t + 